*h**2 - 35*h + 3*h**3. Is t(18) composite?
False
Let z(n) = -n + 15. Let u be z(12). Let p(a) = -a - 1. Let i be p(-6). Suppose u*k - 638 = -i*m, -3*k + 384 = 3*m - 0*k. Is m prime?
True
Is (-1)/(-6) + 3 + (-253290)/(-36) a composite number?
False
Let k = -135 + 154. Suppose 25*f - 1146 = k*f. Is f a composite number?
False
Let v = 25488 - 13526. Suppose v = 11*f - 9*f. Is f prime?
True
Suppose -9926 - 32237 = -s. Is s composite?
True
Is -5*(-6)/(-60)*(1 + -52299) composite?
True
Is 7 - 5/(25/(-320)) a composite number?
False
Suppose 85*z = 78*z + 98987. Is z a composite number?
True
Let m(s) = 125*s - 59. Is m(30) a composite number?
False
Let o(r) = 2*r - 10. Let g be o(9). Let j be (-1 + 0)*(g + -5). Is 328 - ((-3)/(-1))/j a prime number?
False
Let y be 2/(-6)*35*6/10. Is (y/84*-6)/(1/3898) a composite number?
False
Suppose 54*z - 36*z = 427626. Is z prime?
False
Let q be (-52)/(-12) + (-4)/(-6). Suppose q*p + 5*a - 85 = 0, 2*a = -2*p - 3*p + 100. Suppose v = p + 117. Is v composite?
False
Suppose -2*o - q - 570 = -5*o, -5*q = -4*o + 760. Suppose -n + o + 56 = 0. Let x = n - 153. Is x a composite number?
True
Let m(a) = 326*a**2 - a - 3. Is m(4) a prime number?
True
Let t(j) = -j**2 + 6*j - 6. Let z be t(3). Let m be (5 - -6)/(z/150). Is m - -3 - (-3 - 1) a composite number?
False
Let f(d) = -14*d + 23. Let p(z) = -z**3 + z + 2. Let y be p(0). Suppose 0 = 3*m + 15, 4*m + 1 = 3*g + y. Is f(g) a composite number?
True
Let y = -950 + 1941. Is y prime?
True
Let f = -2202 + 1200. Is (f/3)/(-2 + 0/1) a composite number?
False
Suppose s + 113 = -119. Let r(i) = -43*i - 62. Let n be r(-13). Let u = s + n. Is u a prime number?
False
Let z(r) = -8*r**2 + 5*r + 10. Let g be z(5). Let j = 262 + g. Is j a prime number?
True
Suppose 0 = -4*c + 3 + 17. Suppose v = 4*j + 21, -j = 3*j - c*v + 25. Is ((-2)/(-4))/(j/(-370)) composite?
False
Let v(z) = -z**3 - 7*z**2 - 5*z + 6. Let f be v(-6). Suppose -3*n - n + 10612 = f. Suppose -t + 4*c - 879 = -2*t, -3*t = 4*c - n. Is t a prime number?
True
Let k(j) = 6*j**2 - 3*j + 1. Let w(o) = o**3 - 7*o**2 + 6*o + 7. Let u be w(6). Let x(p) = 2*p**2 - p. Let g(r) = u*x(r) - 2*k(r). Is g(-5) prime?
True
Suppose 27810 = 2*w + 23*r - 20*r, 0 = 2*r + 8. Is w a composite number?
True
Is (-10178)/(-3 + 2 + 2/(-2)) prime?
False
Let o(h) = 2*h - 6. Let t be o(-10). Let k = t - -27. Is (3/k)/(9/753) a composite number?
False
Suppose 7 = -6*b + 25. Let f(v) = -v**3 + 4*v**2 + 11*v - 4. Is f(b) prime?
False
Suppose -2*l + 1752 = 6*d - 2*d, 4*l + d - 3469 = 0. Is l composite?
True
Suppose -f = -2*f + 3. Suppose -2*u + z + 177 = 0, f*z - 5 = 10. Suppose 0 = -2*d + u + 67. Is d a composite number?
False
Let c(s) = s**2 - 6*s - 22. Let q be c(9). Suppose -892 = -q*u + u. Is u prime?
True
Let f(y) be the third derivative of 323*y**4/6 - 2*y**3/3 - 9*y**2. Let b be f(-7). Is (-4)/7 - b/56 composite?
True
Let m(k) = k**2 - 7*k + 21. Let v be m(15). Suppose 0 = 3*i - 258 - v. Is i prime?
False
Let n = 2 - -6. Suppose 4*h = -4*l - 8, -2*l - 3*h - n = -l. Is (-2 + l)/(-1) - -36 composite?
False
Let q(g) = -116*g - 3. Let f be q(-6). Suppose 564 = 3*o - f. Is o composite?
False
Suppose 0 = -b - 24. Let d = b - -22. Is d*1/(-2)*253 a composite number?
True
Suppose -5*l - 37 = -4*q - 5, 0 = -3*q - 4*l + 24. Let t = 10 - q. Suppose 0 = 5*k + 4*v - 1107, v + t*v + 675 = 3*k. Is k composite?
False
Suppose -5*h + 482 = -68. Let b be 1/(-4 - (-445)/h). Suppose -21*o + b*o - 587 = 0. Is o prime?
True
Is (-2)/3 + 3551464/168 prime?
True
Let i(w) = 111*w**3 - w**2 - 2*w - 3. Let k be i(-2). Let a = 88 - k. Is a a composite number?
True
Let a = 2137 + 11469. Is a a prime number?
False
Let n = -9401 - -13962. Is n prime?
True
Let a(b) = b - 6 + 11 - 3 + 7*b**2 - b**2. Suppose 3*o = 5*w, -6 - 4 = 5*w - o. Is a(w) a composite number?
False
Let s(o) = -o**3 + 14*o**2 - 13*o + 7. Let q be s(13). Suppose q*t - 502 = 5*t. Is t prime?
True
Suppose -4*t = -2*t - 2*u - 2, 3*u = 2*t - 6. Let a(n) = 201*n - 16. Let d(j) = -40*j + 3. Let g(p) = 2*a(p) + 11*d(p). Is g(t) composite?
True
Is (-501)/3*(-22 + -1) a composite number?
True
Suppose 4*g + v = 17 - 43, -5*v = 10. Is (-7373)/g + (-21)/(-126) prime?
True
Suppose 5*q + 644 = -2*l - 392, -1563 = 3*l + 3*q. Let u = -272 - l. Is u a composite number?
False
Let h(i) = i**3 + 8*i**2 - 8*i - 3. Let v be h(-9). Let k(x) = -x**3 - 11*x**2 - 6*x + 1. Is k(v) composite?
True
Let d(k) = 263*k**2 - 21*k - 73. Is d(-3) a composite number?
False
Let m = -48 + 43. Is ((-3974)/5)/(2/m) composite?
False
Suppose 28*k + 21*k - 106526 = 0. Is k composite?
True
Let y be (6 - (8 - 4))*(-387)/(-2). Let o = 1340 - y. Is o prime?
True
Suppose -4*g + 4514 = -8*q + 3*q, 0 = -5*q - 10. Suppose 0 = 5*k - g - 1729. Is k composite?
False
Let v = 6577 - 4341. Suppose -v = -4*l - 0*l + 3*y, -3*l + 5*y + 1666 = 0. Is l a composite number?
True
Let o(d) = d. Let k(t) = 6*t - 5. Let j(a) = -k(a) + 5*o(a). Let m be j(6). Is m*(762/(-2) + 2) composite?
False
Is 4 + -9 + 3 - (-33195)/5 composite?
False
Is (-40954)/(-4 - -3) + -5 a composite number?
False
Let c = -35085 - -66320. Is c composite?
True
Let m(i) be the third derivative of -i**5/60 + i**4/2 - i**3/2 + 5*i**2. Let l be m(13). Is ((-196)/l)/((-3)/(-12)) a composite number?
True
Let s(l) be the third derivative of l**5/10 + 5*l**4/12 - 3*l**3/2 - 11*l**2 + 2*l. Is s(7) a composite number?
True
Let k(f) be the first derivative of f**3 + f**2 + 4*f - 14. Is k(11) a composite number?
False
Let d(u) be the second derivative of u**6/45 + u**5/40 - u**4/12 + 7*u**3/6 - 3*u. Let s(a) be the second derivative of d(a). Is s(3) a composite number?
False
Suppose -3*y + 9*g = 5*g - 1155, -2*y = -5*g - 777. Suppose 0 = -4*v + 5*w + 2927, 4*w + 1009 = v + 269. Let z = v - y. Is z a composite number?
False
Suppose 2*y = -6 + 14. Suppose -20 = -v - 4*d - 0, y*v - d + 5 = 0. Suppose -5*s + 57 + 189 = 4*w, -5*w + 3*s + 289 = v. Is w composite?
False
Is (-27044)/6*(17 - 74/4) a composite number?
False
Let b(y) be the first derivative of -y**4/4 + 5*y**3 + 3*y**2/2 - 7*y + 2. Let z be b(12). Suppose -5*l - z + 80 = -4*u, 3*l = -2*u + 163. Is u composite?
False
Suppose 15*d - 30699 - 93471 = 0. Is d a composite number?
True
Let o = -834 - -4017. Is o prime?
False
Suppose 11*q - 246025 = -14*q. Is q composite?
True
Let c = 73 - 72. Is (((-6)/(-9))/c)/(2/1761) composite?
False
Is ((-114968)/84)/((-2)/6) composite?
True
Let m(t) = 6*t**2 - 2*t - 3. Let i be 2/12 + 62/(-12). Is m(i) a composite number?
False
Suppose 13*h + 10*h - 53291 = 0. Is h prime?
False
Let z(q) = -q**2 + q. Let c(i) = i**3 + 4*i**2 - 3*i - 9. Let d(v) = c(v) - 4*z(v). Is d(4) composite?
True
Suppose 16 = 5*u - u. Suppose -2*f - 5*i = -3821, 0 = -4*f - 9*i + u*i + 7667. Is f a prime number?
False
Suppose -43285 = -2*n + 2*u + u, 0 = -5*n - 2*u + 108165. Is n composite?
True
Let t be (12 + -11)/(2/14). Suppose -8*k + t*k = 605. Let y = k - -1336. Is y prime?
False
Let l = -56 - -127. Let y = -139 + l. Let w = -45 - y. Is w prime?
True
Suppose z + 0*v + 14 = -v, z + 5*v = -26. Let m = z - 5. Is (-2324)/m - 1/4 composite?
True
Let l(d) be the third derivative of 5*d**7/1008 + d**6/360 + d**5/12 + 2*d**2. Let x(c) be the third derivative of l(c). Is x(3) prime?
False
Let b be 639 + 0/(3 + -7). Suppose -a - b = -3*a - 5*l, 4*l = -12. Let i = a + -178. Is i a prime number?
True
Is (-8 - 17)/(-5) - -11858 a composite number?
False
Let d(i) = -2*i**3 + 5*i**2 + 18*i - 8. Is d(-9) a composite number?
False
Let n be 1/(68/70 - 1). Let t(q) = -q**2 + 23*q - 66. Let c be t(15). Let u = c + n. Is u prime?
True
Let a be 2 + 0 - 49*(1 - -2). Let q = 732 - a. Is q a prime number?
True
Suppose 3*u - 3*z = -15, -3*u + 7*u = z - 17. Let q be 0 - (u - (3860 + 4)). Suppose -2*l + 6*l = q. Is l prime?
True
Let z = 758 + -205. Is z composite?
True
Let t be 1 + 3 + 0/(-3). Let j be ((-2)/3)/(t/(-54)). Let r(k) = 67*k - 20. Is r(j) a prime number?
False
Let p = 168 - 166. Suppose 0 = 2*d, -l - 2*d - p*d + 329 = 0. Is l a prime number?
False
Suppose 3*o = -s - 0*s + 1522, 6 = -3*s. Suppose 7*k + 2900 = -3*k. Let z = o + k. Is z composite?
True
Suppose 3*o - 3*s = 0, 3*s + 4 = -2*o + 6*o. Suppose -o*c = 2*v - 179 - 99, 5*c + 4*v = 343. Is c a composite number?
Fal